{"id":1951,"date":"2024-09-10T18:37:28","date_gmt":"2024-09-10T18:37:28","guid":{"rendered":"https:\/\/staging.tropicaltijuana.com\/?page_id=1951"},"modified":"2024-11-12T03:09:02","modified_gmt":"2024-11-12T03:09:02","slug":"vip-services","status":"publish","type":"page","link":"https:\/\/tropicaltijuana.com.mx\/index.php\/vip-services\/","title":{"rendered":"SERVICIO DE VIP"},"content":{"rendered":"<style type=\"text\/css\"> \n#cmsmasters_row_69e1e26dad0e16_33713250 { \n\tbackground-color:#202331;\n} \n\n#cmsmasters_row_69e1e26dad0e16_33713250 .cmsmasters_row_outer_parent { \n\tpadding-top: 50px; \n} \n\n#cmsmasters_row_69e1e26dad0e16_33713250 .cmsmasters_row_outer_parent { \n\tpadding-bottom: 50px; \n} \n\n \n#cmsmasters_heading_69e1e26dad3491_02728732 { \n\ttext-align:center; \n\tmargin-top:0px; \n\tmargin-bottom:20px; \n} \n\n#cmsmasters_heading_69e1e26dad3491_02728732 .cmsmasters_heading { \n\ttext-align:center; \n} \n\n#cmsmasters_heading_69e1e26dad3491_02728732 .cmsmasters_heading, #cmsmasters_heading_69e1e26dad3491_02728732 .cmsmasters_heading a { \n\tfont-weight:normal; \n\tfont-style:normal; \n\tcolor:#ffffff;\n} \n\n#cmsmasters_heading_69e1e26dad3491_02728732 .cmsmasters_heading_divider { \n} \n\n \n#cmsmasters_row_69e1e26dad46d7_75283498 .cmsmasters_row_outer_parent { \n\tpadding-top: 0px; \n} \n\n#cmsmasters_row_69e1e26dad46d7_75283498 .cmsmasters_row_outer_parent { \n\tpadding-bottom: 75px; \n} \n\n \n\n#cmsmasters_fb_69e1e26dad5ff0_38889891 { \n\tbackground-color:#202331;\n\tbackground-image: url(https:\/\/tropicaltijuana.com.mx\/wp-content\/uploads\/Web-Graphics\/VipBackground3.jpg); \n\tbackground-position: bottom left; \n\tbackground-repeat: no-repeat; \n\tbackground-attachment: scroll; \n\tbackground-size: auto; \n} \n\n#cmsmasters_fb_69e1e26dad5ff0_38889891 .featured_block_inner { \n\twidth: 30%; \n\tpadding: ; \n\ttext-align: center; \n\tfloat:right; \n\tbackground-color:#23316d;\n} \n\n#cmsmasters_fb_69e1e26dad5ff0_38889891 .featured_block_text { \n\ttext-align: center; \n} \n\n \n#cmsmasters_row_69e1e26daef346_99184728 .cmsmasters_row_outer_parent { \n\tpadding-top: 50px; \n} \n\n#cmsmasters_row_69e1e26daef346_99184728 .cmsmasters_row_outer_parent { \n\tpadding-bottom: 50px; \n} \n\n\n#cmsmasters_button_69e1e26daf0d21_00096333 { \n\tfloat:left; \n} \n\n#cmsmasters_button_69e1e26daf0d21_00096333 .cmsmasters_button:before { \n\tmargin-right:.5em; \n\tmargin-left:0; \n\tvertical-align:baseline; \n} \n\n#cmsmasters_button_69e1e26daf0d21_00096333 .cmsmasters_button { \n\tfont-weight:normal; \n\tfont-style:normal; \n\tborder-style:solid; \n\tbackground-color:#fa255a;\n\tcolor:#ffffff;\n\tborder-color:#fa255a;\n} \n#cmsmasters_button_69e1e26daf0d21_00096333 .cmsmasters_button:hover { \n} \n \n#cmsmasters_row_69e1e26daf10c4_16370033 .cmsmasters_row_outer_parent { \n\tpadding-top: 50px; \n} \n\n#cmsmasters_row_69e1e26daf10c4_16370033 .cmsmasters_row_outer_parent { \n\tpadding-bottom: 50px; \n} \n\n\n#cmsmasters_button_69e1e26daf1c69_81947572 { \n\tfloat:left; \n} \n\n#cmsmasters_button_69e1e26daf1c69_81947572 .cmsmasters_button:before { \n\tmargin-right:.5em; \n\tmargin-left:0; \n\tvertical-align:baseline; \n} \n\n#cmsmasters_button_69e1e26daf1c69_81947572 .cmsmasters_button { \n\tfont-weight:normal; \n\tfont-style:normal; \n\tborder-style:solid; \n\tbackground-color:#fa255a;\n\tcolor:#ffffff;\n\tborder-color:#fa255a;\n} \n#cmsmasters_button_69e1e26daf1c69_81947572 .cmsmasters_button:hover { \n} \n \n#cmsmasters_row_69e1e26daf1f86_08084308 { \n\tbackground-image: url(https:\/\/tropicaltijuana.com.mx\/wp-content\/uploads\/Web-Graphics\/Background-Tropical-1.jpg); \n\tbackground-position: center center; \n\tbackground-repeat: no-repeat; \n\tbackground-attachment: scroll; \n\tbackground-size: cover; \n} \n\n#cmsmasters_row_69e1e26daf1f86_08084308 .cmsmasters_row_outer_parent { \n\tpadding-top: 120px; \n} \n\n#cmsmasters_row_69e1e26daf1f86_08084308 .cmsmasters_row_outer_parent { \n\tpadding-bottom: 80px; \n} \n\n\n#cmsmasters_button_69e1e26db05241_83695736 { \n\ttext-align:center; \n} \n\n#cmsmasters_button_69e1e26db05241_83695736 .cmsmasters_button:before { \n\tmargin-right:.5em; \n\tmargin-left:0; \n\tvertical-align:baseline; \n} \n\n#cmsmasters_button_69e1e26db05241_83695736 .cmsmasters_button { \n\tfont-weight:normal; \n\tfont-style:normal; \n\tborder-style:solid; \n} \n#cmsmasters_button_69e1e26db05241_83695736 .cmsmasters_button:hover { \n} \n<\/style><div id=\"cmsmasters_row_69e1e26dace026_20072563\" class=\"cmsmasters_row cmsmasters_color_scheme_default cmsmasters_row_top_default cmsmasters_row_bot_default cmsmasters_row_boxed\">\n<div class=\"cmsmasters_row_outer_parent\">\n<div class=\"cmsmasters_row_outer\">\n<div class=\"cmsmasters_row_inner\">\n<div class=\"cmsmasters_row_margin\">\n<div class=\"cmsmasters_column one_first\">\n<div class=\"cmsmasters_text\">\n<p><\/p>\n<\/div>\n<\/div>\n<\/div>\n<\/div>\n<\/div>\n<\/div>\n<\/div>\n<div id=\"cmsmasters_row_69e1e26dad0e16_33713250\" class=\"cmsmasters_row cmsmasters_color_scheme_default cmsmasters_row_top_default cmsmasters_row_bot_default cmsmasters_row_boxed\">\n<div class=\"cmsmasters_row_outer_parent\">\n<div class=\"cmsmasters_row_outer\">\n<div class=\"cmsmasters_row_inner\">\n<div class=\"cmsmasters_row_margin\">\n<div class=\"cmsmasters_column one_first\">\n\n<div id=\"cmsmasters_heading_69e1e26dad3491_02728732\" class=\"cmsmasters_heading_wrap cmsmasters_heading_align_center\">\n\t<h2 class=\"cmsmasters_heading\">Por s\u00f3lo 50$ puede ser un VIP de Tropical<\/h2>\n<\/div><div class=\"cmsmasters_text\">\n<p style=\"text-align: center; color: white; line-height: 2; font-size: 20px;\">Hasta un valor de 70$ en cada visita.<\/p>\n<\/div>\n<\/div>\n<\/div>\n<\/div>\n<\/div>\n<\/div>\n<\/div>\n<div id=\"cmsmasters_row_69e1e26dad3dc0_96529476\" class=\"cmsmasters_row cmsmasters_color_scheme_default cmsmasters_row_top_default cmsmasters_row_bot_default cmsmasters_row_boxed\">\n<div class=\"cmsmasters_row_outer_parent\">\n<div class=\"cmsmasters_row_outer\">\n<div class=\"cmsmasters_row_inner\">\n<div class=\"cmsmasters_row_margin\">\n<div class=\"cmsmasters_column one_first\">\n<div class=\"cmsmasters_text\">\n<p><\/p>\n<\/div>\n<\/div>\n<\/div>\n<\/div>\n<\/div>\n<\/div>\n<\/div>\n<div id=\"cmsmasters_row_69e1e26dad46d7_75283498\" class=\"cmsmasters_row cmsmasters_color_scheme_default cmsmasters_row_top_default cmsmasters_row_bot_default cmsmasters_row_boxed\">\n<div class=\"cmsmasters_row_outer_parent\">\n<div class=\"cmsmasters_row_outer\">\n<div class=\"cmsmasters_row_inner\">\n<div class=\"cmsmasters_row_margin\">\n<div class=\"cmsmasters_column one_first\">\n<div id=\"cmsmasters_fb_69e1e26dad5ff0_38889891\" class=\"cmsmasters_featured_block\">\n<div class=\"featured_block_inner\">\n<div class=\"featured_block_text\">\n<div style=\"display: flex; justify-content: center;\">\n<div style=\"color: white; font-size: 11px; width: 240px; text-align: left;\">\n<div style=\"display: flex; justify-content: center;\">\n<div style=\"color: white; font-size: 11px; width: 240px; text-align: left;\">\n<h2 style=\"color: white; text-align: left;\">Tropical<br \/>\nVIP<br \/>\nBeneficios<\/h2>\n<ul>\n<li>20% de descuento en el hotel<\/li>\n<li>Traslado gratuito en limusina<\/li>\n<li>Aparcamiento de seguridad gratuito<\/li>\n<li>Primera bebida gratis<\/li>\n<li>Camarero personal<\/li>\n<li>Acceso a Sala VIP<\/li>\n<li>Mitad de descuento en bailes privados<\/li>\n<li>Mitad de descuento en Sorpresa\u00a0 \u00a0 \u00a0 \u00a0 \u00a0 \u00a0 \u00a0Tropical, *Ver camarero para m\u00e1s detalles<\/li>\n<li>70% Descuento Hotel Lunes y Martes<\/li>\n<li>20% Descuento Botellas &amp; Martes<\/li>\n<li>Ampliaci\u00f3n Horario Hotel<\/li>\n<li>20% Descuento en Restaurante Senda Norte<\/li>\n<\/ul>\n<p><strong>PREGUNTE AL SERVICIO DE ATENCI\u00d3N AL CLIENTE<\/strong><\/p>\n<\/div>\n<\/div>\n<\/div>\n<\/div>\n<\/div>\n<\/div>\n<\/div>\n<\/div>\n<\/div>\n<\/div>\n<\/div>\n<\/div>\n<\/div>\n<div id=\"cmsmasters_row_69e1e26daef346_99184728\" class=\"cmsmasters_row cmsmasters_color_scheme_default cmsmasters_row_top_default cmsmasters_row_bot_default cmsmasters_row_boxed\">\n<div class=\"cmsmasters_row_outer_parent\">\n<div class=\"cmsmasters_row_outer\">\n<div class=\"cmsmasters_row_inner\">\n<div class=\"cmsmasters_row_margin\">\n<div class=\"cmsmasters_column one_first\">\n<div class=\"cmsmasters_text\">\n<h2>Zona Shuttle-Recogida VIP Gratuita En La Frontera<\/h2>\n<p>Zona Shuttle es nuestro servicio de transporte GRATUITO que te llevar\u00e1 a Tropical Bar y de vuelta a la frontera con EEUU. Seguro, r\u00e1pido y gratuito. Tambi\u00e9n servimos a clientes de Hong Kong, Bar Las Chavelas, Hotel Cascadas, y Hotel Riza de Oro. B\u00fasquenos despu\u00e9s de cruzar Ped West o Ped East.<\/p>\n<\/div>\n\n<div id=\"cmsmasters_button_69e1e26daf0d21_00096333\" class=\"button_wrap\"><a href=\"https:\/\/www.facebook.com\/TropicalBarEnglish\/videos\/469054612736061\" class=\"cmsmasters_button\" target=\"_blank\"><span>SABER M\u00c1S<\/span><\/a><\/div>\n<\/div>\n<\/div>\n<\/div>\n<\/div>\n<\/div>\n<\/div>\n<div id=\"cmsmasters_row_69e1e26daf10c4_16370033\" class=\"cmsmasters_row cmsmasters_color_scheme_default cmsmasters_row_top_default cmsmasters_row_bot_default cmsmasters_row_boxed\">\n<div class=\"cmsmasters_row_outer_parent\">\n<div class=\"cmsmasters_row_outer\">\n<div class=\"cmsmasters_row_inner\">\n<div class=\"cmsmasters_row_margin\">\n<div class=\"cmsmasters_column one_first\">\n<div class=\"cmsmasters_text\">\n<h2>Transporte A La Frontera<\/h2>\n<p>\u00bfBusca transporte gratuito de San Diego a la frontera con M\u00e9xico? Con usted y sus invitados, hkmexpress.com le llevar\u00e1 all\u00ed con estilo.<\/p>\n<\/div>\n\n<div id=\"cmsmasters_button_69e1e26daf1c69_81947572\" class=\"button_wrap\"><a href=\"https:\/\/www.hkmexpress.com\/\" class=\"cmsmasters_button\" target=\"_blank\"><span>SABER M\u00c1S<\/span><\/a><\/div>\n<\/div>\n<\/div>\n<\/div>\n<\/div>\n<\/div>\n<\/div>\n<div id=\"cmsmasters_row_69e1e26daf1f86_08084308\" class=\"cmsmasters_row cmsmasters_color_scheme_default cmsmasters_row_top_default cmsmasters_row_bot_default cmsmasters_row_boxed\">\n<div class=\"cmsmasters_row_outer_parent\">\n<div class=\"cmsmasters_row_outer\">\n<div class=\"cmsmasters_row_inner\">\n<div class=\"cmsmasters_row_margin\">\n<div class=\"cmsmasters_column one_first\">\n<div class=\"cmsmasters_text\">\n<h2 style=\"text-align: center;\">\u00a1SEA UN VIP TROPICAL HOY MISMO!<\/h2>\n<p style=\"text-align: center; color: white;\">HABLE CON NUESTRO SERVICIO DE ATENCI\u00d3N AL CLIENTE<\/p>\n<div style=\"height: 40px;\"><\/div>\n<\/div>\n\n<div id=\"cmsmasters_button_69e1e26db05241_83695736\" class=\"button_wrap\"><a href=\"https:\/\/tropicaltijuana.com.mx\/index.php\/directions\/\" class=\"cmsmasters_button\"><span>VIS\u00cdTANOS<\/span><\/a><\/div>\n<\/div>\n<\/div>\n<\/div>\n<\/div>\n<\/div>\n<\/div>\n\n","protected":false},"excerpt":{"rendered":"","protected":false},"author":1,"featured_media":0,"parent":0,"menu_order":0,"comment_status":"closed","ping_status":"closed","template":"","meta":{"footnotes":""},"class_list":["post-1951","page","type-page","status-publish","hentry"],"_links":{"self":[{"href":"https:\/\/tropicaltijuana.com.mx\/index.php\/wp-json\/wp\/v2\/pages\/1951","targetHints":{"allow":["GET"]}}],"collection":[{"href":"https:\/\/tropicaltijuana.com.mx\/index.php\/wp-json\/wp\/v2\/pages"}],"about":[{"href":"https:\/\/tropicaltijuana.com.mx\/index.php\/wp-json\/wp\/v2\/types\/page"}],"author":[{"embeddable":true,"href":"https:\/\/tropicaltijuana.com.mx\/index.php\/wp-json\/wp\/v2\/users\/1"}],"replies":[{"embeddable":true,"href":"https:\/\/tropicaltijuana.com.mx\/index.php\/wp-json\/wp\/v2\/comments?post=1951"}],"version-history":[{"count":21,"href":"https:\/\/tropicaltijuana.com.mx\/index.php\/wp-json\/wp\/v2\/pages\/1951\/revisions"}],"predecessor-version":[{"id":2659,"href":"https:\/\/tropicaltijuana.com.mx\/index.php\/wp-json\/wp\/v2\/pages\/1951\/revisions\/2659"}],"wp:attachment":[{"href":"https:\/\/tropicaltijuana.com.mx\/index.php\/wp-json\/wp\/v2\/media?parent=1951"}],"curies":[{"name":"wp","href":"https:\/\/api.w.org\/{rel}","templated":true}]}}